 + 29. What is the remainder when -1*-1*29 + (291 - 298) is divided by (-4)/((f/(-6))/4)?
10
Suppose -2*b = 5*i - 15, 4*b = -2*i + 3 + 3. Let k(h) = 40*h**i - h**2 - 2*h - 37*h**3 + h + 1. Calculate the remainder when k(2) is divided by 6.
1
Suppose -12 = -3*r + r. Suppose 7*l - r = 71. What is the remainder when 19 is divided by l?
8
Suppose -170 = -10*s + 750. Calculate the remainder when 1469 is divided by s.
89
Suppose 9*w = -2*p + 4*w - 17, -3*w - 35 = -5*p. What is the remainder when 37 is divided by p?
1
Suppose 48*h - 4*y + 266 = 49*h, 0 = -2*h + y + 559. What is the remainder when h is divided by 67?
10
Suppose v = 2*k + 1, -k - 28 = -4*v + k. Let j(x) = 40 + 6 - 34 + 5*x. Calculate the remainder when j(v) is divided by 20.
17
Let d = -5 - -8. Suppose 3*f - 8 = w + w, d*w = -3*f + 3. Suppose -y - 3*y + 98 = -f*x, -2*y - 2*x = -34. What is the remainder when 41 is divided by y?
19
Let i(y) = -y**3 - 6*y**2 - y + 4. Let p be i(-5). Let l = p + 29. What is the remainder when 24 is divided by l?
11
Suppose 2*d - 2 = 0, -121*d + 117*d = 5*h - 109. What is the remainder when 522 is divided by h?
18
Let i(j) = -6*j**2 + 5*j - 8. Let o be i(4). Let t = 125 + o. Let q(m) = 15*m - 1. Calculate the remainder when t is divided by q(1).
13
Suppose 0 = 4*o - 4*p - 68, -3*o - 7*p + 27 = -4*p. Let f = -4 + 11. What is the remainder when o is divided by f?
6
Let y = -31 + 36. Suppose -b + 0*b + 23 = y*f, 5*b + 3*f - 71 = 0. What is the remainder when 48 is divided by b?
9
Let v(d) = d**3 - 9*d**2 + 3*d - 9. Calculate the remainder when 60 is divided by v(9).
6
Suppose 5*i = 1849 + 251. Suppose -4*s = -q + 2*q - i, 0 = 3*q. What is the remainder when s is divided by 30?
15
Let b = -756 + 876. What is the remainder when b is divided by 23?
5
Let g(n) = 4*n**2 - 4*n + 2. Let i be g(1). What is the remainder when (3*(-4)/18)/(i/(-489)) is divided by 41?
40
Let o = -378 + 400. Calculate the remainder when o is divided by 8.
6
Suppose 102 = z + 3*t, 10*z - 5*z - 500 = -5*t. What is the remainder when z is divided by 22?
11
Suppose -k - 9 = -4*l, 4*l - 8*l - 21 = 5*k. What is the remainder when -4 + l - (-41 + 0 + 3) is divided by 9?
8
What is the remainder when 260 is divided by (-15)/30 + (-134)/(-4)?
29
Let u be ((-71)/(-3))/(6/36). Suppose 5*c - u = 28. Suppose -3*q - 46 = -4*j - j, 3*q - c = -5*j. What is the remainder when 22 is divided by j?
6
Suppose 0 = 2*g + 4*v + 14 - 388, 5*g - 4*v - 963 = 0. Calculate the remainder when g is divided by 24.
23
Let b = -77 - -81. Suppose -2*f + 32 = b*q + 2*f, -12 = -3*q + 3*f. Calculate the remainder when 9 is divided by q.
3
Suppose 5*i = -65 + 165. Suppose -i = 4*f, 2*f - 3 = z + 7*f. Calculate the remainder when -4 + z/2 - -3 is divided by 3.
1
Let o(w) = 5*w**2 + 7*w - 11. What is the remainder when o(-7) is divided by 63?
59
Suppose -13*i - 2236 = -17*i. Calculate the remainder when i is divided by 80.
79
Let k = 5 - -19. Suppose -20*c = -k*c + 332. What is the remainder when c is divided by 21?
20
Let q(t) = -3*t - 2. Let h be q(-3). Let g(f) = -f**2 + 10*f + 3. Calculate the remainder when g(h) is divided by (40/(-16))/((375/(-130))/15).
11
Let c be (-279)/(-4) - (-2)/8. Calculate the remainder when (-1)/1 + c/2 is divided by -4*4/((-80)/45).
7
Suppose 0 = 3*t + 26 - 77. Suppose 21*s - 24*s + 201 = 0. Calculate the remainder when s is divided by t.
16
Let j be -1*(-2)/(-2)*-2. Suppose 0 = -j*w + d + 34 - 1, 0 = 2*w - 5*d - 53. Let s = -3040 - -3044. What is the remainder when w is divided by s?
2
Let u = -244 - -397. What is the remainder when u is divided by 39?
36
Suppose 2*v - 5*f - 158 = -0*v, 2*f = 4*v - 348. Suppose 4*b = 2*k - 56, k + b + v = 4*k. Let o = 47 - k. What is the remainder when 31 is divided by o?
14
Let v(u) = -2*u**3 + 74*u**2 + 2*u - 32. Calculate the remainder when 333 is divided by v(37).
39
Suppose -91*j + 3359 = -190. What is the remainder when j is divided by 30?
9
Let q = -7 - -3. Let s(o) = -4*o + 7. Calculate the remainder when s(q) is divided by 6.
5
Let y(q) = -2*q**2 + 22*q + 9. Let s be y(7). Suppose w - t - s = -w, -68 = -2*w + 2*t. Calculate the remainder when w is divided by 11.
9
Suppose -q = -901 + 163. Suppose 4*t - 1230 = q. What is the remainder when 19 is divided by 6/(-33) + t/44?
8
Let u(z) = z**3 - 16*z**2 - 36*z + 15. Let f = -202 + 289. Calculate the remainder when f is divided by u(18).
12
Suppose -16153 + 16021 = -6*t. Let x(w) = -22*w - 2. Calculate the remainder when x(-2) is divided by t.
20
Suppose 5*y + 26 = 71. Suppose -14*t + 35 + 7 = 0. What is the remainder when y is divided by t?
0
Suppose 0*y + y = -4*b + 24, 4*y + 9 = 5*b. Suppose b - 71 = 3*d. Let l = 69 + d. Calculate the remainder when l is divided by 25.
22
Let n(m) = -m**3 - 10*m**2 - 2*m + 7. Let i be n(-10). Suppose -5*v + i = -88. Calculate the remainder when -15*(-55)/(-22)*(-44)/25 is divided by v.
20
Suppose -35 = -5*x + 4*g, -g = x - 4*g - 7. Suppose x*u = 4*u + 24. Calculate the remainder when 22 is divided by (u/3)/(3/9).
6
Let l(c) = -c**2 - 3*c**2 + 5*c**2 + 13 - 11*c. Let k be l(10). Suppose 42 = k*w - 18. Calculate the remainder when 38 is divided by w.
18
Let l = 7 + -1. Let d be (-6)/33 + 16758/(-154). Let s = d - -143. Calculate the remainder when s is divided by l.
4
Suppose 273 = 13*q - 312. Calculate the remainder when 288 is divided by q.
18
Suppose 2*b - 3 = 1. Suppose -5*r = 2*n - 5 - 19, 4*n - 28 = -5*r. What is the remainder when n + 4 - 12/3 is divided by b?
0
What is the remainder when 64/416 + (-15516)/(-39) is divided by 6?
2
Let g(k) = -8*k + 15. Let u be g(6). Let i = 38 + u. Suppose 5*d - 10 = 0, d + d = h - i. What is the remainder when h is divided by 4?
1
Suppose a + 7 = 8*a. Calculate the remainder when 2 is divided by a.
0
Suppose -6*w + 2*w = 5*f - 111, 4*f + 5*w = 96. Suppose -26*q + 1664 + 1742 = 0. What is the remainder when q is divided by f?
17
Let h(i) = -4*i - 22. What is the remainder when h(-13) is divided by 4?
2
Let g(l) = -15*l**2 + 3*l + 29. Let j(t) = 7*t**2 - 2*t - 14. Let m(z) = 4*g(z) + 9*j(z). What is the remainder when m(-4) is divided by 8?
6
Let r(o) = -o + 11. Let w be r(0). Suppose 2*z + 12*a - 20 = 15*a, -2*z + 44 = 3*a. Let x = w + z. Calculate the remainder when 51 is divided by x.
24
Let o be (-1 - -2 - -35) + 0. Let l = o - 29. What is the remainder when 19 is divided by l?
5
Suppose h = -5*o + 12, -3*o - 2*h = 4 - 14. Suppose 7*c - o*c = 135. Calculate the remainder when 131 is divided by c.
23
Let r = -26 - -27. Suppose 3*g - r = -7, -w + g = -88. Suppose 0 = -6*y + w + 142. What is the remainder when 113 is divided by y?
37
Let b(d) = -8*d + 1. Let l(g) = g**2 - 14*g + 19. Let a be l(7). Calculate the remainder when b(-1) is divided by (1 - (-42)/a) + 64/10.
3
Suppose 2*s - 5*s - 41 = -n, -n + 2*s = -39. Suppose 15*p = 191 + 94. Calculate the remainder when n is divided by p.
16
Suppose 5*s + 0*y + 5*y = 200, 0 = 2*s - y - 74. Calculate the remainder when -2 - (3 + -7 - s) is divided by 21.
19
Suppose 5*x - 30 = 3*v, -2*v = -x - 5*v + 24. Suppose 0 = 3*d - x - 12. Let j = 19 + 0. Calculate the remainder when j is divided by d.
5
Suppose -k + 12 = b, 4*k - 14 = -3*b + 24. Suppose -13*t + b*t = -165. Suppose -55 = -3*f + 32. What is the remainder when t is divided by f?
26
Suppose x - 9 = -2. Suppose -25 = -5*b, x*a - 2*b = 2*a. Calculate the remainder when 6 is divided by a.
0
Let h(j) = -j**3 + 7*j**2 - 9. Let p be h(7). What is the remainder when 55 + -3 + 3/(p/6) is divided by 9?
5
Suppose 2*g - 3*i = i + 94, -5*i = 4*g - 136. Suppose -134 = -l - 5*m, 21*l = 22*l - m - 110. What is the remainder when l is divided by g?
36
Suppose 2*j = 2*m - 280, 0 = -6*m + 2*m - 3*j + 546. Suppose 4*l = 6*l - m. What is the remainder when l is divided by 24?
21
Let f(s) = 4. Let h(q) = q - 21. Let y(t) = -11*f(t) - 2*h(t). What is the remainder when 10 is divided by y(-3)?
2
Let t(q) = 2*q. Let o be t(11). Let c = o + -15. What is the remainder when 27 is divided by c?
6
Suppose -y = s + 2 - 15, 3*s - 43 = -5*y. Let v = -7 + s. Suppose v*t = -4*j + 8*j - 32, -5*j = t - 28. Calculate the remainder when 10 is divided by j.
4
What is the remainder when ((-152)/(-57))/(8/804) is divided by 25?
18
Suppose 2*t = 5*t - 9. Let j(i) = i**3 +